{"id":67,"date":"2017-10-22T23:24:26","date_gmt":"2017-10-22T21:24:26","guid":{"rendered":"http:\/\/www.aeroclub-avranches.org\/wp2\/?page_id=67"},"modified":"2024-06-14T07:55:12","modified_gmt":"2024-06-14T05:55:12","slug":"la-flotte","status":"publish","type":"page","link":"https:\/\/www.aeroclub-avranches.org\/wp2\/la-flotte\/","title":{"rendered":"La Flotte"},"content":{"rendered":"<p>Pour la formation au pilotage et les voyages, l&rsquo;A\u00e9roclub dispose de 4 avions :<\/p>\n<blockquote><p><strong><a href=\"https:\/\/www.aeroclub-avranches.org\/wp2\/breezer-b600-d-eqdk\/\">Breezer B600 Elegance D-EQDK<\/a><\/strong><\/p><\/blockquote>\n<p><a href=\"https:\/\/www.aeroclub-avranches.org\/wp2\/wp-content\/uploads\/2014\/06\/D-EQDK.png\"><img loading=\"lazy\" decoding=\"async\" class=\"aligncenter size-medium wp-image-1312\" src=\"https:\/\/www.aeroclub-avranches.org\/wp2\/wp-content\/uploads\/2014\/06\/D-EQDK-300x180.png\" alt=\"\" width=\"300\" height=\"180\" \/><\/a><\/p>\n<p>Biplace servant \u00e0 l&rsquo;\u00e9cole de d\u00e9but et au perfectionnement.<\/p>\n<blockquote><p><a href=\"https:\/\/www.aeroclub-avranches.org\/wp2\/dr400-120-f-gukq\/\"><strong>DR400\/120 F-GUKQ<\/strong><\/a><\/p><\/blockquote>\n<p><a href=\"https:\/\/www.aeroclub-avranches.org\/images\/F-GUKQ-en-vol.jpg\"><img loading=\"lazy\" decoding=\"async\" class=\"size-full wp-image-219 aligncenter\" title=\"F-GUKQ en vol_p\" src=\"https:\/\/www.aeroclub-avranches.org\/wp2\/wp-content\/uploads\/2011\/12\/F-GUKQ-en-vol_p.jpg\" alt=\"\" width=\"200\" height=\"130\" \/><\/a><\/p>\n<p>Quadriplace servant \u00e0 l&rsquo;\u00e9cole de d\u00e9but, aux vols locaux et aux voyages.<\/p>\n<blockquote><p><a href=\"https:\/\/www.aeroclub-avranches.org\/wp2\/dr401-160-f-hgsm\/\"><strong>DR400\/160 F-HGSM<\/strong><\/a><\/p><\/blockquote>\n<p><a href=\"https:\/\/www.aeroclub-avranches.org\/wp2\/wp-content\/uploads\/2011\/12\/IMG_0104-e1458941161672.jpg\"><img loading=\"lazy\" decoding=\"async\" class=\"wp-image-1157 aligncenter\" src=\"https:\/\/www.aeroclub-avranches.org\/wp2\/wp-content\/uploads\/2011\/12\/IMG_0104-e1458941161672-300x267.jpg\" alt=\"IMG_0104\" width=\"200\" height=\"178\" \/><\/a><\/p>\n<p>Quadriplace servant aux vols locaux et aux voyages.<\/p>\n<blockquote><p><a href=\"https:\/\/www.aeroclub-avranches.org\/wp2\/piel-cp-305-emeraude-f-pjkr\/\"><strong>Piel CP305 Emeraude F-PJKR<\/strong><\/a><\/p><\/blockquote>\n<p><a href=\"https:\/\/www.aeroclub-avranches.org\/images\/cp305.jpg\"><img loading=\"lazy\" decoding=\"async\" class=\"size-full wp-image-215 aligncenter\" title=\"cp305p\" src=\"https:\/\/www.aeroclub-avranches.org\/wp2\/wp-content\/uploads\/2011\/12\/cp305p.jpg\" alt=\"\" width=\"200\" height=\"157\" \/><\/a><\/p>\n<p>Biplace servant \u00e0 l&rsquo;\u00e9cole de d\u00e9but et au perfectionnement (train classique).<\/p>\n<p>Vous souhaitez en savoir plus, ces rubriques vous int\u00e9resseront certainement :<\/p>\n<p><a href=\"https:\/\/www.aeroclub-avranches.org\/wp2\/licences-privees-europeennes\/\">L&rsquo;information sur les licences<\/a><\/p>\n<p><a href=\"https:\/\/www.aeroclub-avranches.org\/wp2\/formation\/\">Les Formations PPL\/LAPL<\/a><\/p>\n<p><!---\n<a href=\"https:\/\/www.aeroclub-avranches.org\/wp2\/formation-de-pinch-hitter\/\"><span data-mce-type=\"bookmark\" style=\"display: inline-block; width: 0px; overflow: hidden; line-height: 0;\" class=\"mce_SELRES_start\"><\/span>La Formations Pinch Hitter<\/a>\n---><\/p>\n<p><a href=\"https:\/\/www.aeroclub-avranches.org\/wp2\/tarifs\/\">Nos Tarifs<\/a><\/p>\n<p><span style=\"font-size: 10pt;\"><em>mise \u00e0 jour de cette page le 14\/06\/2024<\/em><\/span><\/p>\n","protected":false},"excerpt":{"rendered":"<p>Pour la formation au pilotage et les voyages, l&rsquo;A\u00e9roclub dispose de 4 avions : Breezer B600 Elegance D-EQDK Biplace servant \u00e0 l&rsquo;\u00e9cole de d\u00e9but et au perfectionnement. DR400\/120 F-GUKQ Quadriplace servant \u00e0 l&rsquo;\u00e9cole de d\u00e9but, aux vols locaux et aux voyages. DR400\/160 F-HGSM Quadriplace servant aux vols locaux et aux voyages. Piel CP305 Emeraude F-PJKR &hellip; <a href=\"https:\/\/www.aeroclub-avranches.org\/wp2\/la-flotte\/\" class=\"more-link\">Continuer la lecture<span class=\"screen-reader-text\"> de &laquo;&nbsp;La Flotte&nbsp;&raquo;<\/span><\/a><\/p>\n","protected":false},"author":1,"featured_media":0,"parent":0,"menu_order":0,"comment_status":"closed","ping_status":"closed","template":"","meta":{"footnotes":""},"class_list":["post-67","page","type-page","status-publish","hentry"],"yoast_head":"<!-- This site is optimized with the Yoast SEO plugin v27.3 - https:\/\/yoast.com\/product\/yoast-seo-wordpress\/ -->\n<title>La Flotte - A\u00e9roclub des gr\u00e8ves du Mont Saint Michel<\/title>\n<meta name=\"robots\" content=\"index, follow, max-snippet:-1, max-image-preview:large, max-video-preview:-1\" \/>\n<link rel=\"canonical\" href=\"https:\/\/www.aeroclub-avranches.org\/wp2\/la-flotte\/\" \/>\n<meta property=\"og:locale\" content=\"fr_FR\" \/>\n<meta property=\"og:type\" content=\"article\" \/>\n<meta property=\"og:title\" content=\"La Flotte - A\u00e9roclub des gr\u00e8ves du Mont Saint Michel\" \/>\n<meta property=\"og:description\" content=\"Pour la formation au pilotage et les voyages, l&rsquo;A\u00e9roclub dispose de 4 avions : Breezer B600 Elegance D-EQDK Biplace servant \u00e0 l&rsquo;\u00e9cole de d\u00e9but et au perfectionnement. DR400\/120 F-GUKQ Quadriplace servant \u00e0 l&rsquo;\u00e9cole de d\u00e9but, aux vols locaux et aux voyages. DR400\/160 F-HGSM Quadriplace servant aux vols locaux et aux voyages. Piel CP305 Emeraude F-PJKR &hellip; Continuer la lecture de &laquo;&nbsp;La Flotte&nbsp;&raquo;\" \/>\n<meta property=\"og:url\" content=\"https:\/\/www.aeroclub-avranches.org\/wp2\/la-flotte\/\" \/>\n<meta property=\"og:site_name\" content=\"A\u00e9roclub des gr\u00e8ves du Mont Saint Michel\" \/>\n<meta property=\"article:publisher\" content=\"https:\/\/www.facebook.com\/people\/Aro-club-des-Grves-du-Mont-Saint-Michel\/100064930290598\/\" \/>\n<meta property=\"article:modified_time\" content=\"2024-06-14T05:55:12+00:00\" \/>\n<meta property=\"og:image\" content=\"https:\/\/www.aeroclub-avranches.org\/wp2\/wp-content\/uploads\/2014\/06\/D-EQDK-300x180.png\" \/>\n<meta name=\"twitter:card\" content=\"summary_large_image\" \/>\n<meta name=\"twitter:label1\" content=\"Dur\u00e9e de lecture estim\u00e9e\" \/>\n\t<meta name=\"twitter:data1\" content=\"2 minutes\" \/>\n<script type=\"application\/ld+json\" class=\"yoast-schema-graph\">{\"@context\":\"https:\\\/\\\/schema.org\",\"@graph\":[{\"@type\":\"WebPage\",\"@id\":\"https:\\\/\\\/www.aeroclub-avranches.org\\\/wp2\\\/la-flotte\\\/\",\"url\":\"https:\\\/\\\/www.aeroclub-avranches.org\\\/wp2\\\/la-flotte\\\/\",\"name\":\"La Flotte - A\u00e9roclub des gr\u00e8ves du Mont Saint Michel\",\"isPartOf\":{\"@id\":\"https:\\\/\\\/www.aeroclub-avranches.org\\\/wp2\\\/#website\"},\"primaryImageOfPage\":{\"@id\":\"https:\\\/\\\/www.aeroclub-avranches.org\\\/wp2\\\/la-flotte\\\/#primaryimage\"},\"image\":{\"@id\":\"https:\\\/\\\/www.aeroclub-avranches.org\\\/wp2\\\/la-flotte\\\/#primaryimage\"},\"thumbnailUrl\":\"https:\\\/\\\/www.aeroclub-avranches.org\\\/wp2\\\/wp-content\\\/uploads\\\/2014\\\/06\\\/D-EQDK-300x180.png\",\"datePublished\":\"2017-10-22T21:24:26+00:00\",\"dateModified\":\"2024-06-14T05:55:12+00:00\",\"breadcrumb\":{\"@id\":\"https:\\\/\\\/www.aeroclub-avranches.org\\\/wp2\\\/la-flotte\\\/#breadcrumb\"},\"inLanguage\":\"fr-FR\",\"potentialAction\":[{\"@type\":\"ReadAction\",\"target\":[\"https:\\\/\\\/www.aeroclub-avranches.org\\\/wp2\\\/la-flotte\\\/\"]}]},{\"@type\":\"ImageObject\",\"inLanguage\":\"fr-FR\",\"@id\":\"https:\\\/\\\/www.aeroclub-avranches.org\\\/wp2\\\/la-flotte\\\/#primaryimage\",\"url\":\"https:\\\/\\\/www.aeroclub-avranches.org\\\/wp2\\\/wp-content\\\/uploads\\\/2014\\\/06\\\/D-EQDK-300x180.png\",\"contentUrl\":\"https:\\\/\\\/www.aeroclub-avranches.org\\\/wp2\\\/wp-content\\\/uploads\\\/2014\\\/06\\\/D-EQDK-300x180.png\"},{\"@type\":\"BreadcrumbList\",\"@id\":\"https:\\\/\\\/www.aeroclub-avranches.org\\\/wp2\\\/la-flotte\\\/#breadcrumb\",\"itemListElement\":[{\"@type\":\"ListItem\",\"position\":1,\"name\":\"Accueil\",\"item\":\"https:\\\/\\\/www.aeroclub-avranches.org\\\/wp2\\\/\"},{\"@type\":\"ListItem\",\"position\":2,\"name\":\"La Flotte\"}]},{\"@type\":\"WebSite\",\"@id\":\"https:\\\/\\\/www.aeroclub-avranches.org\\\/wp2\\\/#website\",\"url\":\"https:\\\/\\\/www.aeroclub-avranches.org\\\/wp2\\\/\",\"name\":\"A\u00e9roclub des gr\u00e8ves du Mont Saint Michel\",\"description\":\"\",\"publisher\":{\"@id\":\"https:\\\/\\\/www.aeroclub-avranches.org\\\/wp2\\\/#organization\"},\"potentialAction\":[{\"@type\":\"SearchAction\",\"target\":{\"@type\":\"EntryPoint\",\"urlTemplate\":\"https:\\\/\\\/www.aeroclub-avranches.org\\\/wp2\\\/?s={search_term_string}\"},\"query-input\":{\"@type\":\"PropertyValueSpecification\",\"valueRequired\":true,\"valueName\":\"search_term_string\"}}],\"inLanguage\":\"fr-FR\"},{\"@type\":\"Organization\",\"@id\":\"https:\\\/\\\/www.aeroclub-avranches.org\\\/wp2\\\/#organization\",\"name\":\"A\u00e9roclub des gr\u00e8ves du Mont Saint Michel\",\"url\":\"https:\\\/\\\/www.aeroclub-avranches.org\\\/wp2\\\/\",\"logo\":{\"@type\":\"ImageObject\",\"inLanguage\":\"fr-FR\",\"@id\":\"https:\\\/\\\/www.aeroclub-avranches.org\\\/wp2\\\/#\\\/schema\\\/logo\\\/image\\\/\",\"url\":\"https:\\\/\\\/www.aeroclub-avranches.org\\\/wp2\\\/wp-content\\\/uploads\\\/2018\\\/03\\\/Logo-ae\u0301roclub_280x280-1-e1542033573298.jpg\",\"contentUrl\":\"https:\\\/\\\/www.aeroclub-avranches.org\\\/wp2\\\/wp-content\\\/uploads\\\/2018\\\/03\\\/Logo-ae\u0301roclub_280x280-1-e1542033573298.jpg\",\"width\":100,\"height\":99,\"caption\":\"A\u00e9roclub des gr\u00e8ves du Mont Saint Michel\"},\"image\":{\"@id\":\"https:\\\/\\\/www.aeroclub-avranches.org\\\/wp2\\\/#\\\/schema\\\/logo\\\/image\\\/\"},\"sameAs\":[\"https:\\\/\\\/www.facebook.com\\\/people\\\/Aro-club-des-Grves-du-Mont-Saint-Michel\\\/100064930290598\\\/\"]}]}<\/script>\n<!-- \/ Yoast SEO plugin. -->","yoast_head_json":{"title":"La Flotte - A\u00e9roclub des gr\u00e8ves du Mont Saint Michel","robots":{"index":"index","follow":"follow","max-snippet":"max-snippet:-1","max-image-preview":"max-image-preview:large","max-video-preview":"max-video-preview:-1"},"canonical":"https:\/\/www.aeroclub-avranches.org\/wp2\/la-flotte\/","og_locale":"fr_FR","og_type":"article","og_title":"La Flotte - A\u00e9roclub des gr\u00e8ves du Mont Saint Michel","og_description":"Pour la formation au pilotage et les voyages, l&rsquo;A\u00e9roclub dispose de 4 avions : Breezer B600 Elegance D-EQDK Biplace servant \u00e0 l&rsquo;\u00e9cole de d\u00e9but et au perfectionnement. DR400\/120 F-GUKQ Quadriplace servant \u00e0 l&rsquo;\u00e9cole de d\u00e9but, aux vols locaux et aux voyages. DR400\/160 F-HGSM Quadriplace servant aux vols locaux et aux voyages. Piel CP305 Emeraude F-PJKR &hellip; Continuer la lecture de &laquo;&nbsp;La Flotte&nbsp;&raquo;","og_url":"https:\/\/www.aeroclub-avranches.org\/wp2\/la-flotte\/","og_site_name":"A\u00e9roclub des gr\u00e8ves du Mont Saint Michel","article_publisher":"https:\/\/www.facebook.com\/people\/Aro-club-des-Grves-du-Mont-Saint-Michel\/100064930290598\/","article_modified_time":"2024-06-14T05:55:12+00:00","og_image":[{"url":"https:\/\/www.aeroclub-avranches.org\/wp2\/wp-content\/uploads\/2014\/06\/D-EQDK-300x180.png","type":"","width":"","height":""}],"twitter_card":"summary_large_image","twitter_misc":{"Dur\u00e9e de lecture estim\u00e9e":"2 minutes"},"schema":{"@context":"https:\/\/schema.org","@graph":[{"@type":"WebPage","@id":"https:\/\/www.aeroclub-avranches.org\/wp2\/la-flotte\/","url":"https:\/\/www.aeroclub-avranches.org\/wp2\/la-flotte\/","name":"La Flotte - A\u00e9roclub des gr\u00e8ves du Mont Saint Michel","isPartOf":{"@id":"https:\/\/www.aeroclub-avranches.org\/wp2\/#website"},"primaryImageOfPage":{"@id":"https:\/\/www.aeroclub-avranches.org\/wp2\/la-flotte\/#primaryimage"},"image":{"@id":"https:\/\/www.aeroclub-avranches.org\/wp2\/la-flotte\/#primaryimage"},"thumbnailUrl":"https:\/\/www.aeroclub-avranches.org\/wp2\/wp-content\/uploads\/2014\/06\/D-EQDK-300x180.png","datePublished":"2017-10-22T21:24:26+00:00","dateModified":"2024-06-14T05:55:12+00:00","breadcrumb":{"@id":"https:\/\/www.aeroclub-avranches.org\/wp2\/la-flotte\/#breadcrumb"},"inLanguage":"fr-FR","potentialAction":[{"@type":"ReadAction","target":["https:\/\/www.aeroclub-avranches.org\/wp2\/la-flotte\/"]}]},{"@type":"ImageObject","inLanguage":"fr-FR","@id":"https:\/\/www.aeroclub-avranches.org\/wp2\/la-flotte\/#primaryimage","url":"https:\/\/www.aeroclub-avranches.org\/wp2\/wp-content\/uploads\/2014\/06\/D-EQDK-300x180.png","contentUrl":"https:\/\/www.aeroclub-avranches.org\/wp2\/wp-content\/uploads\/2014\/06\/D-EQDK-300x180.png"},{"@type":"BreadcrumbList","@id":"https:\/\/www.aeroclub-avranches.org\/wp2\/la-flotte\/#breadcrumb","itemListElement":[{"@type":"ListItem","position":1,"name":"Accueil","item":"https:\/\/www.aeroclub-avranches.org\/wp2\/"},{"@type":"ListItem","position":2,"name":"La Flotte"}]},{"@type":"WebSite","@id":"https:\/\/www.aeroclub-avranches.org\/wp2\/#website","url":"https:\/\/www.aeroclub-avranches.org\/wp2\/","name":"A\u00e9roclub des gr\u00e8ves du Mont Saint Michel","description":"","publisher":{"@id":"https:\/\/www.aeroclub-avranches.org\/wp2\/#organization"},"potentialAction":[{"@type":"SearchAction","target":{"@type":"EntryPoint","urlTemplate":"https:\/\/www.aeroclub-avranches.org\/wp2\/?s={search_term_string}"},"query-input":{"@type":"PropertyValueSpecification","valueRequired":true,"valueName":"search_term_string"}}],"inLanguage":"fr-FR"},{"@type":"Organization","@id":"https:\/\/www.aeroclub-avranches.org\/wp2\/#organization","name":"A\u00e9roclub des gr\u00e8ves du Mont Saint Michel","url":"https:\/\/www.aeroclub-avranches.org\/wp2\/","logo":{"@type":"ImageObject","inLanguage":"fr-FR","@id":"https:\/\/www.aeroclub-avranches.org\/wp2\/#\/schema\/logo\/image\/","url":"https:\/\/www.aeroclub-avranches.org\/wp2\/wp-content\/uploads\/2018\/03\/Logo-ae\u0301roclub_280x280-1-e1542033573298.jpg","contentUrl":"https:\/\/www.aeroclub-avranches.org\/wp2\/wp-content\/uploads\/2018\/03\/Logo-ae\u0301roclub_280x280-1-e1542033573298.jpg","width":100,"height":99,"caption":"A\u00e9roclub des gr\u00e8ves du Mont Saint Michel"},"image":{"@id":"https:\/\/www.aeroclub-avranches.org\/wp2\/#\/schema\/logo\/image\/"},"sameAs":["https:\/\/www.facebook.com\/people\/Aro-club-des-Grves-du-Mont-Saint-Michel\/100064930290598\/"]}]}},"_links":{"self":[{"href":"https:\/\/www.aeroclub-avranches.org\/wp2\/wp-json\/wp\/v2\/pages\/67","targetHints":{"allow":["GET"]}}],"collection":[{"href":"https:\/\/www.aeroclub-avranches.org\/wp2\/wp-json\/wp\/v2\/pages"}],"about":[{"href":"https:\/\/www.aeroclub-avranches.org\/wp2\/wp-json\/wp\/v2\/types\/page"}],"author":[{"embeddable":true,"href":"https:\/\/www.aeroclub-avranches.org\/wp2\/wp-json\/wp\/v2\/users\/1"}],"replies":[{"embeddable":true,"href":"https:\/\/www.aeroclub-avranches.org\/wp2\/wp-json\/wp\/v2\/comments?post=67"}],"version-history":[{"count":16,"href":"https:\/\/www.aeroclub-avranches.org\/wp2\/wp-json\/wp\/v2\/pages\/67\/revisions"}],"predecessor-version":[{"id":9766,"href":"https:\/\/www.aeroclub-avranches.org\/wp2\/wp-json\/wp\/v2\/pages\/67\/revisions\/9766"}],"wp:attachment":[{"href":"https:\/\/www.aeroclub-avranches.org\/wp2\/wp-json\/wp\/v2\/media?parent=67"}],"curies":[{"name":"wp","href":"https:\/\/api.w.org\/{rel}","templated":true}]}}