{"id":896,"date":"2018-11-10T10:24:21","date_gmt":"2018-11-10T09:24:21","guid":{"rendered":"https:\/\/www.aeroclub-avranches.org\/wp2\/?page_id=896"},"modified":"2021-04-27T18:23:03","modified_gmt":"2021-04-27T16:23:03","slug":"formation","status":"publish","type":"page","link":"https:\/\/www.aeroclub-avranches.org\/wp2\/formation\/","title":{"rendered":"La Formation"},"content":{"rendered":"<p><strong>L&rsquo;A\u00e9roclub des Gr\u00e8ves du Mont Saint Michel, association loi 1901, situ\u00e9 sur la commune du Val Saint P\u00e8re, est DTO (Declared Training Organisation &#8211; Organisme de Formation D\u00e9clar\u00e9) depuis le 1 janvier 2019 sous le num\u00e9ro\u00a0FR.DTO.0315.<\/strong><\/p>\n<p><strong>La formation n\u00e9cessaire \u00e0 l&rsquo;obtention des brevets, licences et qualifications requis pour le pilotage d&rsquo;avion dans un cadre priv\u00e9 est conforme aux textes europ\u00e9ens en vigueur.<\/strong><\/p>\n<blockquote><p><strong>Formations assur\u00e9es :<\/strong><\/p><\/blockquote>\n<p>&#8211; <a href=\"http:\/\/www.aeroclub-avranches.org\/wp2\/licences-privees-europeennes\/\"><strong>Licence de Pilote Priv\u00e9 Avion PPL(A) (th\u00e9orique et pratique)<\/strong><br \/>\n<\/a>&#8211; <strong><a href=\"http:\/\/www.aeroclub-avranches.org\/wp2\/licences-privees-europeennes\/\">Licence de Pilote Priv\u00e9 d&rsquo;Avion L\u00e9ger LAPL(A) (th\u00e9orique et pratique)<\/a><\/strong><\/p>\n<div><\/div>\n<p><a href=\"http:\/\/www.aeroclub-avranches.org\/docs\/formation\/apprendre_a_piloter_V14.pdf\"><strong>T\u00e9l\u00e9charger ces renseignements<\/strong><\/a><\/p>\n<p>Vous pouvez \u00e9galement remplir une <a href=\"http:\/\/www.aeroclub-avranches.org\/docs\/formation\/candidature_eleve_pilote.pdf\"><strong>fiche de candidature<\/strong><\/a> et l&rsquo;envoyer \u00e0 <strong><a href=\"mailto:%61%65%72%6F%63%6C%75%62%2E%67%72%65%76%65%73%2E%6D%6F%6E%74%2E%73%61%69%6E%74%2E%6D%69%63%68%65%6C%40%6F%72%61%6E%67%65%2E%66%72\">l&rsquo;a\u00e9roclub<\/a><\/strong><\/p>\n<blockquote><p><strong>Organisation des le\u00e7ons<\/strong><\/p><\/blockquote>\n<p><strong><em>Formation th\u00e9orique<\/em><\/strong><br \/>\nL&rsquo;enseignement se fait en e-learning (enseignement en ligne : th\u00e9orie + QCM) aupr\u00e8s d&rsquo;un site d\u00e9clar\u00e9 ATO (Organisme de Formation D\u00e9clar\u00e9) et avec des cours en pr\u00e9sentiel \u00e0 l&rsquo;a\u00e9roclub. Ce qui repr\u00e9sente environ 100heures de travail \u00e0 \u00e9taler sur 1an \u00e0 2 ans environ.<\/p>\n<p><strong><em>Formation pratique<\/em><\/strong><br \/>\nL\u2019instruction se d\u00e9roule tous les jours, et les rendez-vous sont pris d\u2019une semaine pour l\u2019autre. La <strong><a href=\"http:\/\/www.aeroclub-avranches.org\/images\/avran.jpg\">plate-forme d\u2019Avranches \/ Le Val Saint P\u00e8re<\/a><\/strong> \u00e9tant sensible aux intemp\u00e9ries et <strong><a href=\"http:\/\/www.aeroclub-avranches.org\/images\/inond1.jpg\">submersible aux grandes mar\u00e9es<\/a><\/strong>, les le\u00e7ons pourront se d\u00e9rouler occasionnellement (en p\u00e9riode hivernale), sur l\u2019a\u00e9rodrome de Granville<\/p>\n<blockquote><p><strong>Formation compl\u00e9mentaire<\/strong><\/p><\/blockquote>\n<p>L&rsquo;a\u00e9roclub propose comme Formation Compl\u00e9mentaire la variante \u00ab\u00a0TW\u00a0\u00bb (train classique) sur le <strong><a href=\"http:\/\/www.aeroclub-avranches.org\/images\/cp305.jpg\">CP305 F-PJKR<\/a><\/strong> aux pilotes brevet\u00e9s PPL.<\/p>\n<blockquote><p><strong>Aptitude M\u00e9dicale<\/strong><\/p><\/blockquote>\n<p>Plusieurs m\u00e9decins agr\u00e9\u00e9s dans la r\u00e9gion peuvent la d\u00e9livrer dont :<br \/>\nDocteur LEMARDELEY Jean Yves, Mortain, 02 33 59 03 35<br \/>\nDocteur DANIEL Vincent, Rennes Pontchaillou, 02 99 28 41 33<\/p>\n<p><strong>Informations sur cette aptitude<\/strong><\/p>\n<p><em>Mise \u00e0 jour de cette page le 27\/01\/2019<\/em><\/p>\n","protected":false},"excerpt":{"rendered":"<p>L&rsquo;A\u00e9roclub des Gr\u00e8ves du Mont Saint Michel, association loi 1901, situ\u00e9 sur la commune du Val Saint P\u00e8re, est DTO (Declared Training Organisation &#8211; Organisme de Formation D\u00e9clar\u00e9) depuis le 1 janvier 2019 sous le num\u00e9ro\u00a0FR.DTO.0315. La formation n\u00e9cessaire \u00e0 l&rsquo;obtention des brevets, licences et qualifications requis pour le pilotage d&rsquo;avion dans un cadre priv\u00e9 &hellip; <a href=\"https:\/\/www.aeroclub-avranches.org\/wp2\/formation\/\" class=\"more-link\">Continuer la lecture<span class=\"screen-reader-text\"> de &laquo;&nbsp;La Formation&nbsp;&raquo;<\/span><\/a><\/p>\n","protected":false},"author":1,"featured_media":0,"parent":0,"menu_order":0,"comment_status":"closed","ping_status":"closed","template":"","meta":{"footnotes":""},"class_list":["post-896","page","type-page","status-publish","hentry"],"yoast_head":"<!-- This site is optimized with the Yoast SEO plugin v27.3 - https:\/\/yoast.com\/product\/yoast-seo-wordpress\/ -->\n<title>La Formation - A\u00e9roclub des gr\u00e8ves du Mont Saint Michel<\/title>\n<meta name=\"robots\" content=\"index, follow, max-snippet:-1, max-image-preview:large, max-video-preview:-1\" \/>\n<link rel=\"canonical\" href=\"https:\/\/www.aeroclub-avranches.org\/wp2\/formation\/\" \/>\n<meta property=\"og:locale\" content=\"fr_FR\" \/>\n<meta property=\"og:type\" content=\"article\" \/>\n<meta property=\"og:title\" content=\"La Formation - A\u00e9roclub des gr\u00e8ves du Mont Saint Michel\" \/>\n<meta property=\"og:description\" content=\"L&rsquo;A\u00e9roclub des Gr\u00e8ves du Mont Saint Michel, association loi 1901, situ\u00e9 sur la commune du Val Saint P\u00e8re, est DTO (Declared Training Organisation &#8211; Organisme de Formation D\u00e9clar\u00e9) depuis le 1 janvier 2019 sous le num\u00e9ro\u00a0FR.DTO.0315. La formation n\u00e9cessaire \u00e0 l&rsquo;obtention des brevets, licences et qualifications requis pour le pilotage d&rsquo;avion dans un cadre priv\u00e9 &hellip; Continuer la lecture de &laquo;&nbsp;La Formation&nbsp;&raquo;\" \/>\n<meta property=\"og:url\" content=\"https:\/\/www.aeroclub-avranches.org\/wp2\/formation\/\" \/>\n<meta property=\"og:site_name\" content=\"A\u00e9roclub des gr\u00e8ves du Mont Saint Michel\" \/>\n<meta property=\"article:publisher\" content=\"https:\/\/www.facebook.com\/people\/Aro-club-des-Grves-du-Mont-Saint-Michel\/100064930290598\/\" \/>\n<meta property=\"article:modified_time\" content=\"2021-04-27T16:23:03+00:00\" \/>\n<meta name=\"twitter:card\" content=\"summary_large_image\" \/>\n<meta name=\"twitter:label1\" content=\"Dur\u00e9e de lecture estim\u00e9e\" \/>\n\t<meta name=\"twitter:data1\" content=\"2 minutes\" \/>\n<script type=\"application\/ld+json\" class=\"yoast-schema-graph\">{\"@context\":\"https:\\\/\\\/schema.org\",\"@graph\":[{\"@type\":\"WebPage\",\"@id\":\"https:\\\/\\\/www.aeroclub-avranches.org\\\/wp2\\\/formation\\\/\",\"url\":\"https:\\\/\\\/www.aeroclub-avranches.org\\\/wp2\\\/formation\\\/\",\"name\":\"La Formation - A\u00e9roclub des gr\u00e8ves du Mont Saint Michel\",\"isPartOf\":{\"@id\":\"https:\\\/\\\/www.aeroclub-avranches.org\\\/wp2\\\/#website\"},\"datePublished\":\"2018-11-10T09:24:21+00:00\",\"dateModified\":\"2021-04-27T16:23:03+00:00\",\"breadcrumb\":{\"@id\":\"https:\\\/\\\/www.aeroclub-avranches.org\\\/wp2\\\/formation\\\/#breadcrumb\"},\"inLanguage\":\"fr-FR\",\"potentialAction\":[{\"@type\":\"ReadAction\",\"target\":[\"https:\\\/\\\/www.aeroclub-avranches.org\\\/wp2\\\/formation\\\/\"]}]},{\"@type\":\"BreadcrumbList\",\"@id\":\"https:\\\/\\\/www.aeroclub-avranches.org\\\/wp2\\\/formation\\\/#breadcrumb\",\"itemListElement\":[{\"@type\":\"ListItem\",\"position\":1,\"name\":\"Accueil\",\"item\":\"https:\\\/\\\/www.aeroclub-avranches.org\\\/wp2\\\/\"},{\"@type\":\"ListItem\",\"position\":2,\"name\":\"La Formation\"}]},{\"@type\":\"WebSite\",\"@id\":\"https:\\\/\\\/www.aeroclub-avranches.org\\\/wp2\\\/#website\",\"url\":\"https:\\\/\\\/www.aeroclub-avranches.org\\\/wp2\\\/\",\"name\":\"A\u00e9roclub des gr\u00e8ves du Mont Saint Michel\",\"description\":\"\",\"publisher\":{\"@id\":\"https:\\\/\\\/www.aeroclub-avranches.org\\\/wp2\\\/#organization\"},\"potentialAction\":[{\"@type\":\"SearchAction\",\"target\":{\"@type\":\"EntryPoint\",\"urlTemplate\":\"https:\\\/\\\/www.aeroclub-avranches.org\\\/wp2\\\/?s={search_term_string}\"},\"query-input\":{\"@type\":\"PropertyValueSpecification\",\"valueRequired\":true,\"valueName\":\"search_term_string\"}}],\"inLanguage\":\"fr-FR\"},{\"@type\":\"Organization\",\"@id\":\"https:\\\/\\\/www.aeroclub-avranches.org\\\/wp2\\\/#organization\",\"name\":\"A\u00e9roclub des gr\u00e8ves du Mont Saint Michel\",\"url\":\"https:\\\/\\\/www.aeroclub-avranches.org\\\/wp2\\\/\",\"logo\":{\"@type\":\"ImageObject\",\"inLanguage\":\"fr-FR\",\"@id\":\"https:\\\/\\\/www.aeroclub-avranches.org\\\/wp2\\\/#\\\/schema\\\/logo\\\/image\\\/\",\"url\":\"https:\\\/\\\/www.aeroclub-avranches.org\\\/wp2\\\/wp-content\\\/uploads\\\/2018\\\/03\\\/Logo-ae\u0301roclub_280x280-1-e1542033573298.jpg\",\"contentUrl\":\"https:\\\/\\\/www.aeroclub-avranches.org\\\/wp2\\\/wp-content\\\/uploads\\\/2018\\\/03\\\/Logo-ae\u0301roclub_280x280-1-e1542033573298.jpg\",\"width\":100,\"height\":99,\"caption\":\"A\u00e9roclub des gr\u00e8ves du Mont Saint Michel\"},\"image\":{\"@id\":\"https:\\\/\\\/www.aeroclub-avranches.org\\\/wp2\\\/#\\\/schema\\\/logo\\\/image\\\/\"},\"sameAs\":[\"https:\\\/\\\/www.facebook.com\\\/people\\\/Aro-club-des-Grves-du-Mont-Saint-Michel\\\/100064930290598\\\/\"]}]}<\/script>\n<!-- \/ Yoast SEO plugin. -->","yoast_head_json":{"title":"La Formation - A\u00e9roclub des gr\u00e8ves du Mont Saint Michel","robots":{"index":"index","follow":"follow","max-snippet":"max-snippet:-1","max-image-preview":"max-image-preview:large","max-video-preview":"max-video-preview:-1"},"canonical":"https:\/\/www.aeroclub-avranches.org\/wp2\/formation\/","og_locale":"fr_FR","og_type":"article","og_title":"La Formation - A\u00e9roclub des gr\u00e8ves du Mont Saint Michel","og_description":"L&rsquo;A\u00e9roclub des Gr\u00e8ves du Mont Saint Michel, association loi 1901, situ\u00e9 sur la commune du Val Saint P\u00e8re, est DTO (Declared Training Organisation &#8211; Organisme de Formation D\u00e9clar\u00e9) depuis le 1 janvier 2019 sous le num\u00e9ro\u00a0FR.DTO.0315. La formation n\u00e9cessaire \u00e0 l&rsquo;obtention des brevets, licences et qualifications requis pour le pilotage d&rsquo;avion dans un cadre priv\u00e9 &hellip; Continuer la lecture de &laquo;&nbsp;La Formation&nbsp;&raquo;","og_url":"https:\/\/www.aeroclub-avranches.org\/wp2\/formation\/","og_site_name":"A\u00e9roclub des gr\u00e8ves du Mont Saint Michel","article_publisher":"https:\/\/www.facebook.com\/people\/Aro-club-des-Grves-du-Mont-Saint-Michel\/100064930290598\/","article_modified_time":"2021-04-27T16:23:03+00:00","twitter_card":"summary_large_image","twitter_misc":{"Dur\u00e9e de lecture estim\u00e9e":"2 minutes"},"schema":{"@context":"https:\/\/schema.org","@graph":[{"@type":"WebPage","@id":"https:\/\/www.aeroclub-avranches.org\/wp2\/formation\/","url":"https:\/\/www.aeroclub-avranches.org\/wp2\/formation\/","name":"La Formation - A\u00e9roclub des gr\u00e8ves du Mont Saint Michel","isPartOf":{"@id":"https:\/\/www.aeroclub-avranches.org\/wp2\/#website"},"datePublished":"2018-11-10T09:24:21+00:00","dateModified":"2021-04-27T16:23:03+00:00","breadcrumb":{"@id":"https:\/\/www.aeroclub-avranches.org\/wp2\/formation\/#breadcrumb"},"inLanguage":"fr-FR","potentialAction":[{"@type":"ReadAction","target":["https:\/\/www.aeroclub-avranches.org\/wp2\/formation\/"]}]},{"@type":"BreadcrumbList","@id":"https:\/\/www.aeroclub-avranches.org\/wp2\/formation\/#breadcrumb","itemListElement":[{"@type":"ListItem","position":1,"name":"Accueil","item":"https:\/\/www.aeroclub-avranches.org\/wp2\/"},{"@type":"ListItem","position":2,"name":"La Formation"}]},{"@type":"WebSite","@id":"https:\/\/www.aeroclub-avranches.org\/wp2\/#website","url":"https:\/\/www.aeroclub-avranches.org\/wp2\/","name":"A\u00e9roclub des gr\u00e8ves du Mont Saint Michel","description":"","publisher":{"@id":"https:\/\/www.aeroclub-avranches.org\/wp2\/#organization"},"potentialAction":[{"@type":"SearchAction","target":{"@type":"EntryPoint","urlTemplate":"https:\/\/www.aeroclub-avranches.org\/wp2\/?s={search_term_string}"},"query-input":{"@type":"PropertyValueSpecification","valueRequired":true,"valueName":"search_term_string"}}],"inLanguage":"fr-FR"},{"@type":"Organization","@id":"https:\/\/www.aeroclub-avranches.org\/wp2\/#organization","name":"A\u00e9roclub des gr\u00e8ves du Mont Saint Michel","url":"https:\/\/www.aeroclub-avranches.org\/wp2\/","logo":{"@type":"ImageObject","inLanguage":"fr-FR","@id":"https:\/\/www.aeroclub-avranches.org\/wp2\/#\/schema\/logo\/image\/","url":"https:\/\/www.aeroclub-avranches.org\/wp2\/wp-content\/uploads\/2018\/03\/Logo-ae\u0301roclub_280x280-1-e1542033573298.jpg","contentUrl":"https:\/\/www.aeroclub-avranches.org\/wp2\/wp-content\/uploads\/2018\/03\/Logo-ae\u0301roclub_280x280-1-e1542033573298.jpg","width":100,"height":99,"caption":"A\u00e9roclub des gr\u00e8ves du Mont Saint Michel"},"image":{"@id":"https:\/\/www.aeroclub-avranches.org\/wp2\/#\/schema\/logo\/image\/"},"sameAs":["https:\/\/www.facebook.com\/people\/Aro-club-des-Grves-du-Mont-Saint-Michel\/100064930290598\/"]}]}},"_links":{"self":[{"href":"https:\/\/www.aeroclub-avranches.org\/wp2\/wp-json\/wp\/v2\/pages\/896","targetHints":{"allow":["GET"]}}],"collection":[{"href":"https:\/\/www.aeroclub-avranches.org\/wp2\/wp-json\/wp\/v2\/pages"}],"about":[{"href":"https:\/\/www.aeroclub-avranches.org\/wp2\/wp-json\/wp\/v2\/types\/page"}],"author":[{"embeddable":true,"href":"https:\/\/www.aeroclub-avranches.org\/wp2\/wp-json\/wp\/v2\/users\/1"}],"replies":[{"embeddable":true,"href":"https:\/\/www.aeroclub-avranches.org\/wp2\/wp-json\/wp\/v2\/comments?post=896"}],"version-history":[{"count":13,"href":"https:\/\/www.aeroclub-avranches.org\/wp2\/wp-json\/wp\/v2\/pages\/896\/revisions"}],"predecessor-version":[{"id":9187,"href":"https:\/\/www.aeroclub-avranches.org\/wp2\/wp-json\/wp\/v2\/pages\/896\/revisions\/9187"}],"wp:attachment":[{"href":"https:\/\/www.aeroclub-avranches.org\/wp2\/wp-json\/wp\/v2\/media?parent=896"}],"curies":[{"name":"wp","href":"https:\/\/api.w.org\/{rel}","templated":true}]}}