{"id":970,"date":"2018-11-13T11:43:48","date_gmt":"2018-11-13T10:43:48","guid":{"rendered":"https:\/\/www.aeroclub-avranches.org\/wp2\/?page_id=970"},"modified":"2021-03-28T12:03:30","modified_gmt":"2021-03-28T10:03:30","slug":"piel-cp-305-emeraude-f-pjkr","status":"publish","type":"page","link":"https:\/\/www.aeroclub-avranches.org\/wp2\/piel-cp-305-emeraude-f-pjkr\/","title":{"rendered":"Piel CP-305 Emeraude F-PJKR"},"content":{"rendered":"<p>Le Piel CP-305 \u00c9meraude est un biplace train classique de construction amateur (CNRA). Dessin\u00e9 par Claude Piel, notre \u00c9meraude est construit en 1960. Il est utilis\u00e9 dans le cadre de la formation train classique (variante TW).<\/p>\n<p>Retrouvez <a href=\"https:\/\/www.aeroclub-avranches.org\/wp2\/bref-historique-du-cp301\/\">ici<\/a>\u00a0l&rsquo;histoire de ce petit biplace attachant, et de son concepteur, Claude Piel.<\/p>\n<p>Ses caract\u00e9ristiques sont les suivantes :<\/p>\n<table style=\"border-collapse: collapse; width: 70.8678%; height: 430px;\" border=\"1\">\n<tbody>\n<tr style=\"height: 28px;\">\n<td style=\"width: 53.6535%; height: 28px;\">Envergure<\/td>\n<td style=\"width: 97.7255%; height: 28px;\">8,25m<\/td>\n<\/tr>\n<tr style=\"height: 28px;\">\n<td style=\"width: 53.6535%; height: 28px;\">Longueur<\/td>\n<td style=\"width: 97.7255%; height: 28px;\">6,12m<\/td>\n<\/tr>\n<tr style=\"height: 28px;\">\n<td style=\"width: 53.6535%; height: 28px;\">Masse \u00e0 vide<\/td>\n<td style=\"width: 97.7255%; height: 28px;\">395kgs<\/td>\n<\/tr>\n<tr style=\"height: 28px;\">\n<td style=\"width: 53.6535%; height: 28px;\">Masse Max. au decollage (Mtow)<\/td>\n<td style=\"width: 97.7255%; height: 28px;\">700kgs<\/td>\n<\/tr>\n<tr style=\"height: 28px;\">\n<td style=\"width: 53.6535%; height: 28px;\">Moteur<\/td>\n<td style=\"width: 97.7255%; height: 28px;\">Lycoming O-235L2a\u00a0 118hp<\/td>\n<\/tr>\n<tr style=\"height: 28px;\">\n<td style=\"width: 53.6535%; height: 28px;\">Vitesse de croisiere (Vcruise)<\/td>\n<td style=\"width: 97.7255%; height: 28px;\">108kts ou 200km\/h<\/td>\n<\/tr>\n<tr style=\"height: 28px;\">\n<td style=\"width: 53.6535%; height: 28px;\">Vitesse Max. (Vne)<\/td>\n<td style=\"width: 97.7255%; height: 28px;\">116kts ou 215km\/h<\/td>\n<\/tr>\n<tr style=\"height: 28px;\">\n<td style=\"width: 53.6535%; height: 28px;\">Distance Franchissable<\/td>\n<td style=\"width: 97.7255%; height: 28px;\">Environ 500kms<\/td>\n<\/tr>\n<\/tbody>\n<\/table>\n<p><img loading=\"lazy\" decoding=\"async\" class=\"alignnone wp-image-976 size-large\" src=\"https:\/\/www.aeroclub-avranches.org\/wp2\/wp-content\/uploads\/2018\/11\/MG_7608-1024x683.jpg\" alt=\"\" width=\"840\" height=\"560\" srcset=\"https:\/\/www.aeroclub-avranches.org\/wp2\/wp-content\/uploads\/2018\/11\/MG_7608-1024x683.jpg 1024w, https:\/\/www.aeroclub-avranches.org\/wp2\/wp-content\/uploads\/2018\/11\/MG_7608-300x200.jpg 300w, https:\/\/www.aeroclub-avranches.org\/wp2\/wp-content\/uploads\/2018\/11\/MG_7608-768x512.jpg 768w, https:\/\/www.aeroclub-avranches.org\/wp2\/wp-content\/uploads\/2018\/11\/MG_7608-1200x800.jpg 1200w, https:\/\/www.aeroclub-avranches.org\/wp2\/wp-content\/uploads\/2018\/11\/MG_7608-400x267.jpg 400w, https:\/\/www.aeroclub-avranches.org\/wp2\/wp-content\/uploads\/2018\/11\/MG_7608.jpg 2048w\" sizes=\"auto, (max-width: 709px) 85vw, (max-width: 909px) 67vw, (max-width: 1362px) 62vw, 840px\" \/><\/p>\n<p><img loading=\"lazy\" decoding=\"async\" class=\"alignnone wp-image-977 size-large\" src=\"https:\/\/www.aeroclub-avranches.org\/wp2\/wp-content\/uploads\/2018\/11\/MG_7609-1024x683.jpg\" alt=\"\" width=\"840\" height=\"560\" srcset=\"https:\/\/www.aeroclub-avranches.org\/wp2\/wp-content\/uploads\/2018\/11\/MG_7609-1024x683.jpg 1024w, https:\/\/www.aeroclub-avranches.org\/wp2\/wp-content\/uploads\/2018\/11\/MG_7609-300x200.jpg 300w, https:\/\/www.aeroclub-avranches.org\/wp2\/wp-content\/uploads\/2018\/11\/MG_7609-768x512.jpg 768w, https:\/\/www.aeroclub-avranches.org\/wp2\/wp-content\/uploads\/2018\/11\/MG_7609-1200x800.jpg 1200w, https:\/\/www.aeroclub-avranches.org\/wp2\/wp-content\/uploads\/2018\/11\/MG_7609-400x267.jpg 400w, https:\/\/www.aeroclub-avranches.org\/wp2\/wp-content\/uploads\/2018\/11\/MG_7609.jpg 2048w\" sizes=\"auto, (max-width: 709px) 85vw, (max-width: 909px) 67vw, (max-width: 1362px) 62vw, 840px\" \/><\/p>\n<p><img loading=\"lazy\" decoding=\"async\" class=\"alignnone wp-image-978 size-large\" src=\"https:\/\/www.aeroclub-avranches.org\/wp2\/wp-content\/uploads\/2018\/11\/MG_7649-1024x683.jpg\" alt=\"\" width=\"840\" height=\"560\" srcset=\"https:\/\/www.aeroclub-avranches.org\/wp2\/wp-content\/uploads\/2018\/11\/MG_7649-1024x683.jpg 1024w, https:\/\/www.aeroclub-avranches.org\/wp2\/wp-content\/uploads\/2018\/11\/MG_7649-300x200.jpg 300w, https:\/\/www.aeroclub-avranches.org\/wp2\/wp-content\/uploads\/2018\/11\/MG_7649-768x512.jpg 768w, https:\/\/www.aeroclub-avranches.org\/wp2\/wp-content\/uploads\/2018\/11\/MG_7649-1200x800.jpg 1200w, https:\/\/www.aeroclub-avranches.org\/wp2\/wp-content\/uploads\/2018\/11\/MG_7649-400x267.jpg 400w, https:\/\/www.aeroclub-avranches.org\/wp2\/wp-content\/uploads\/2018\/11\/MG_7649.jpg 2048w\" sizes=\"auto, (max-width: 709px) 85vw, (max-width: 909px) 67vw, (max-width: 1362px) 62vw, 840px\" \/><\/p>\n<p><img loading=\"lazy\" decoding=\"async\" class=\"alignnone wp-image-984 size-large\" src=\"https:\/\/www.aeroclub-avranches.org\/wp2\/wp-content\/uploads\/2018\/11\/20080828-37-1024x683.jpg\" alt=\"\" width=\"840\" height=\"560\" srcset=\"https:\/\/www.aeroclub-avranches.org\/wp2\/wp-content\/uploads\/2018\/11\/20080828-37-1024x683.jpg 1024w, https:\/\/www.aeroclub-avranches.org\/wp2\/wp-content\/uploads\/2018\/11\/20080828-37-300x200.jpg 300w, https:\/\/www.aeroclub-avranches.org\/wp2\/wp-content\/uploads\/2018\/11\/20080828-37-768x512.jpg 768w, https:\/\/www.aeroclub-avranches.org\/wp2\/wp-content\/uploads\/2018\/11\/20080828-37-1200x800.jpg 1200w, https:\/\/www.aeroclub-avranches.org\/wp2\/wp-content\/uploads\/2018\/11\/20080828-37-400x267.jpg 400w, https:\/\/www.aeroclub-avranches.org\/wp2\/wp-content\/uploads\/2018\/11\/20080828-37.jpg 2048w\" sizes=\"auto, (max-width: 709px) 85vw, (max-width: 909px) 67vw, (max-width: 1362px) 62vw, 840px\" \/><\/p>\n<p><img loading=\"lazy\" decoding=\"async\" class=\"alignnone wp-image-9174 size-full\" src=\"https:\/\/www.aeroclub-avranches.org\/wp2\/wp-content\/uploads\/2021\/03\/KR-mini.jpg\" alt=\"\" width=\"1000\" height=\"714\" srcset=\"https:\/\/www.aeroclub-avranches.org\/wp2\/wp-content\/uploads\/2021\/03\/KR-mini.jpg 1000w, https:\/\/www.aeroclub-avranches.org\/wp2\/wp-content\/uploads\/2021\/03\/KR-mini-300x214.jpg 300w, https:\/\/www.aeroclub-avranches.org\/wp2\/wp-content\/uploads\/2021\/03\/KR-mini-768x548.jpg 768w, https:\/\/www.aeroclub-avranches.org\/wp2\/wp-content\/uploads\/2021\/03\/KR-mini-400x286.jpg 400w\" sizes=\"auto, (max-width: 709px) 85vw, (max-width: 909px) 67vw, (max-width: 1362px) 62vw, 840px\" \/><\/p>\n<p>Notre \u00c9meraude se retrouve sur le logo de notre association.<\/p>\n<p>Vous souhaitez apprendre \u00e0 le piloter ? Jetez un \u0153il \u00e0\u00a0<a href=\"https:\/\/www.aeroclub-avranches.org\/wp2\/tarifs\/\">nos tarifs.<\/a><\/p>\n<p><span style=\"font-size: 8pt;\">Photos : G.Morel<\/span><\/p>\n","protected":false},"excerpt":{"rendered":"<p>Le Piel CP-305 \u00c9meraude est un biplace train classique de construction amateur (CNRA). Dessin\u00e9 par Claude Piel, notre \u00c9meraude est construit en 1960. Il est utilis\u00e9 dans le cadre de la formation train classique (variante TW). Retrouvez ici\u00a0l&rsquo;histoire de ce petit biplace attachant, et de son concepteur, Claude Piel. Ses caract\u00e9ristiques sont les suivantes : &hellip; <a href=\"https:\/\/www.aeroclub-avranches.org\/wp2\/piel-cp-305-emeraude-f-pjkr\/\" class=\"more-link\">Continuer la lecture<span class=\"screen-reader-text\"> de &laquo;&nbsp;Piel CP-305 Emeraude F-PJKR&nbsp;&raquo;<\/span><\/a><\/p>\n","protected":false},"author":12,"featured_media":0,"parent":0,"menu_order":0,"comment_status":"closed","ping_status":"closed","template":"","meta":{"footnotes":""},"class_list":["post-970","page","type-page","status-publish","hentry"],"yoast_head":"<!-- This site is optimized with the Yoast SEO plugin v27.5 - https:\/\/yoast.com\/product\/yoast-seo-wordpress\/ -->\n<title>Piel CP-305 Emeraude F-PJKR - A\u00e9roclub des gr\u00e8ves du Mont Saint Michel<\/title>\n<meta name=\"robots\" content=\"index, follow, max-snippet:-1, max-image-preview:large, max-video-preview:-1\" \/>\n<link rel=\"canonical\" href=\"https:\/\/www.aeroclub-avranches.org\/wp2\/piel-cp-305-emeraude-f-pjkr\/\" \/>\n<meta property=\"og:locale\" content=\"fr_FR\" \/>\n<meta property=\"og:type\" content=\"article\" \/>\n<meta property=\"og:title\" content=\"Piel CP-305 Emeraude F-PJKR - A\u00e9roclub des gr\u00e8ves du Mont Saint Michel\" \/>\n<meta property=\"og:description\" content=\"Le Piel CP-305 \u00c9meraude est un biplace train classique de construction amateur (CNRA). Dessin\u00e9 par Claude Piel, notre \u00c9meraude est construit en 1960. Il est utilis\u00e9 dans le cadre de la formation train classique (variante TW). Retrouvez ici\u00a0l&rsquo;histoire de ce petit biplace attachant, et de son concepteur, Claude Piel. Ses caract\u00e9ristiques sont les suivantes : &hellip; Continuer la lecture de &laquo;&nbsp;Piel CP-305 Emeraude F-PJKR&nbsp;&raquo;\" \/>\n<meta property=\"og:url\" content=\"https:\/\/www.aeroclub-avranches.org\/wp2\/piel-cp-305-emeraude-f-pjkr\/\" \/>\n<meta property=\"og:site_name\" content=\"A\u00e9roclub des gr\u00e8ves du Mont Saint Michel\" \/>\n<meta property=\"article:publisher\" content=\"https:\/\/www.facebook.com\/people\/Aro-club-des-Grves-du-Mont-Saint-Michel\/100064930290598\/\" \/>\n<meta property=\"article:modified_time\" content=\"2021-03-28T10:03:30+00:00\" \/>\n<meta property=\"og:image\" content=\"https:\/\/www.aeroclub-avranches.org\/wp2\/wp-content\/uploads\/2018\/11\/MG_7608-1024x683.jpg\" \/>\n<meta name=\"twitter:card\" content=\"summary_large_image\" \/>\n<meta name=\"twitter:label1\" content=\"Dur\u00e9e de lecture estim\u00e9e\" \/>\n\t<meta name=\"twitter:data1\" content=\"2 minutes\" \/>\n<script type=\"application\/ld+json\" class=\"yoast-schema-graph\">{\"@context\":\"https:\\\/\\\/schema.org\",\"@graph\":[{\"@type\":\"WebPage\",\"@id\":\"https:\\\/\\\/www.aeroclub-avranches.org\\\/wp2\\\/piel-cp-305-emeraude-f-pjkr\\\/\",\"url\":\"https:\\\/\\\/www.aeroclub-avranches.org\\\/wp2\\\/piel-cp-305-emeraude-f-pjkr\\\/\",\"name\":\"Piel CP-305 Emeraude F-PJKR - A\u00e9roclub des gr\u00e8ves du Mont Saint Michel\",\"isPartOf\":{\"@id\":\"https:\\\/\\\/www.aeroclub-avranches.org\\\/wp2\\\/#website\"},\"primaryImageOfPage\":{\"@id\":\"https:\\\/\\\/www.aeroclub-avranches.org\\\/wp2\\\/piel-cp-305-emeraude-f-pjkr\\\/#primaryimage\"},\"image\":{\"@id\":\"https:\\\/\\\/www.aeroclub-avranches.org\\\/wp2\\\/piel-cp-305-emeraude-f-pjkr\\\/#primaryimage\"},\"thumbnailUrl\":\"https:\\\/\\\/www.aeroclub-avranches.org\\\/wp2\\\/wp-content\\\/uploads\\\/2018\\\/11\\\/MG_7608-1024x683.jpg\",\"datePublished\":\"2018-11-13T10:43:48+00:00\",\"dateModified\":\"2021-03-28T10:03:30+00:00\",\"breadcrumb\":{\"@id\":\"https:\\\/\\\/www.aeroclub-avranches.org\\\/wp2\\\/piel-cp-305-emeraude-f-pjkr\\\/#breadcrumb\"},\"inLanguage\":\"fr-FR\",\"potentialAction\":[{\"@type\":\"ReadAction\",\"target\":[\"https:\\\/\\\/www.aeroclub-avranches.org\\\/wp2\\\/piel-cp-305-emeraude-f-pjkr\\\/\"]}]},{\"@type\":\"ImageObject\",\"inLanguage\":\"fr-FR\",\"@id\":\"https:\\\/\\\/www.aeroclub-avranches.org\\\/wp2\\\/piel-cp-305-emeraude-f-pjkr\\\/#primaryimage\",\"url\":\"https:\\\/\\\/www.aeroclub-avranches.org\\\/wp2\\\/wp-content\\\/uploads\\\/2018\\\/11\\\/MG_7608.jpg\",\"contentUrl\":\"https:\\\/\\\/www.aeroclub-avranches.org\\\/wp2\\\/wp-content\\\/uploads\\\/2018\\\/11\\\/MG_7608.jpg\",\"width\":2048,\"height\":1366},{\"@type\":\"BreadcrumbList\",\"@id\":\"https:\\\/\\\/www.aeroclub-avranches.org\\\/wp2\\\/piel-cp-305-emeraude-f-pjkr\\\/#breadcrumb\",\"itemListElement\":[{\"@type\":\"ListItem\",\"position\":1,\"name\":\"Accueil\",\"item\":\"https:\\\/\\\/www.aeroclub-avranches.org\\\/wp2\\\/\"},{\"@type\":\"ListItem\",\"position\":2,\"name\":\"Piel CP-305 Emeraude F-PJKR\"}]},{\"@type\":\"WebSite\",\"@id\":\"https:\\\/\\\/www.aeroclub-avranches.org\\\/wp2\\\/#website\",\"url\":\"https:\\\/\\\/www.aeroclub-avranches.org\\\/wp2\\\/\",\"name\":\"A\u00e9roclub des gr\u00e8ves du Mont Saint Michel\",\"description\":\"\",\"publisher\":{\"@id\":\"https:\\\/\\\/www.aeroclub-avranches.org\\\/wp2\\\/#organization\"},\"potentialAction\":[{\"@type\":\"SearchAction\",\"target\":{\"@type\":\"EntryPoint\",\"urlTemplate\":\"https:\\\/\\\/www.aeroclub-avranches.org\\\/wp2\\\/?s={search_term_string}\"},\"query-input\":{\"@type\":\"PropertyValueSpecification\",\"valueRequired\":true,\"valueName\":\"search_term_string\"}}],\"inLanguage\":\"fr-FR\"},{\"@type\":\"Organization\",\"@id\":\"https:\\\/\\\/www.aeroclub-avranches.org\\\/wp2\\\/#organization\",\"name\":\"A\u00e9roclub des gr\u00e8ves du Mont Saint Michel\",\"url\":\"https:\\\/\\\/www.aeroclub-avranches.org\\\/wp2\\\/\",\"logo\":{\"@type\":\"ImageObject\",\"inLanguage\":\"fr-FR\",\"@id\":\"https:\\\/\\\/www.aeroclub-avranches.org\\\/wp2\\\/#\\\/schema\\\/logo\\\/image\\\/\",\"url\":\"https:\\\/\\\/www.aeroclub-avranches.org\\\/wp2\\\/wp-content\\\/uploads\\\/2018\\\/03\\\/Logo-ae\u0301roclub_280x280-1-e1542033573298.jpg\",\"contentUrl\":\"https:\\\/\\\/www.aeroclub-avranches.org\\\/wp2\\\/wp-content\\\/uploads\\\/2018\\\/03\\\/Logo-ae\u0301roclub_280x280-1-e1542033573298.jpg\",\"width\":100,\"height\":99,\"caption\":\"A\u00e9roclub des gr\u00e8ves du Mont Saint Michel\"},\"image\":{\"@id\":\"https:\\\/\\\/www.aeroclub-avranches.org\\\/wp2\\\/#\\\/schema\\\/logo\\\/image\\\/\"},\"sameAs\":[\"https:\\\/\\\/www.facebook.com\\\/people\\\/Aro-club-des-Grves-du-Mont-Saint-Michel\\\/100064930290598\\\/\"]}]}<\/script>\n<!-- \/ Yoast SEO plugin. -->","yoast_head_json":{"title":"Piel CP-305 Emeraude F-PJKR - A\u00e9roclub des gr\u00e8ves du Mont Saint Michel","robots":{"index":"index","follow":"follow","max-snippet":"max-snippet:-1","max-image-preview":"max-image-preview:large","max-video-preview":"max-video-preview:-1"},"canonical":"https:\/\/www.aeroclub-avranches.org\/wp2\/piel-cp-305-emeraude-f-pjkr\/","og_locale":"fr_FR","og_type":"article","og_title":"Piel CP-305 Emeraude F-PJKR - A\u00e9roclub des gr\u00e8ves du Mont Saint Michel","og_description":"Le Piel CP-305 \u00c9meraude est un biplace train classique de construction amateur (CNRA). Dessin\u00e9 par Claude Piel, notre \u00c9meraude est construit en 1960. Il est utilis\u00e9 dans le cadre de la formation train classique (variante TW). Retrouvez ici\u00a0l&rsquo;histoire de ce petit biplace attachant, et de son concepteur, Claude Piel. Ses caract\u00e9ristiques sont les suivantes : &hellip; Continuer la lecture de &laquo;&nbsp;Piel CP-305 Emeraude F-PJKR&nbsp;&raquo;","og_url":"https:\/\/www.aeroclub-avranches.org\/wp2\/piel-cp-305-emeraude-f-pjkr\/","og_site_name":"A\u00e9roclub des gr\u00e8ves du Mont Saint Michel","article_publisher":"https:\/\/www.facebook.com\/people\/Aro-club-des-Grves-du-Mont-Saint-Michel\/100064930290598\/","article_modified_time":"2021-03-28T10:03:30+00:00","og_image":[{"url":"https:\/\/www.aeroclub-avranches.org\/wp2\/wp-content\/uploads\/2018\/11\/MG_7608-1024x683.jpg","type":"","width":"","height":""}],"twitter_card":"summary_large_image","twitter_misc":{"Dur\u00e9e de lecture estim\u00e9e":"2 minutes"},"schema":{"@context":"https:\/\/schema.org","@graph":[{"@type":"WebPage","@id":"https:\/\/www.aeroclub-avranches.org\/wp2\/piel-cp-305-emeraude-f-pjkr\/","url":"https:\/\/www.aeroclub-avranches.org\/wp2\/piel-cp-305-emeraude-f-pjkr\/","name":"Piel CP-305 Emeraude F-PJKR - A\u00e9roclub des gr\u00e8ves du Mont Saint Michel","isPartOf":{"@id":"https:\/\/www.aeroclub-avranches.org\/wp2\/#website"},"primaryImageOfPage":{"@id":"https:\/\/www.aeroclub-avranches.org\/wp2\/piel-cp-305-emeraude-f-pjkr\/#primaryimage"},"image":{"@id":"https:\/\/www.aeroclub-avranches.org\/wp2\/piel-cp-305-emeraude-f-pjkr\/#primaryimage"},"thumbnailUrl":"https:\/\/www.aeroclub-avranches.org\/wp2\/wp-content\/uploads\/2018\/11\/MG_7608-1024x683.jpg","datePublished":"2018-11-13T10:43:48+00:00","dateModified":"2021-03-28T10:03:30+00:00","breadcrumb":{"@id":"https:\/\/www.aeroclub-avranches.org\/wp2\/piel-cp-305-emeraude-f-pjkr\/#breadcrumb"},"inLanguage":"fr-FR","potentialAction":[{"@type":"ReadAction","target":["https:\/\/www.aeroclub-avranches.org\/wp2\/piel-cp-305-emeraude-f-pjkr\/"]}]},{"@type":"ImageObject","inLanguage":"fr-FR","@id":"https:\/\/www.aeroclub-avranches.org\/wp2\/piel-cp-305-emeraude-f-pjkr\/#primaryimage","url":"https:\/\/www.aeroclub-avranches.org\/wp2\/wp-content\/uploads\/2018\/11\/MG_7608.jpg","contentUrl":"https:\/\/www.aeroclub-avranches.org\/wp2\/wp-content\/uploads\/2018\/11\/MG_7608.jpg","width":2048,"height":1366},{"@type":"BreadcrumbList","@id":"https:\/\/www.aeroclub-avranches.org\/wp2\/piel-cp-305-emeraude-f-pjkr\/#breadcrumb","itemListElement":[{"@type":"ListItem","position":1,"name":"Accueil","item":"https:\/\/www.aeroclub-avranches.org\/wp2\/"},{"@type":"ListItem","position":2,"name":"Piel CP-305 Emeraude F-PJKR"}]},{"@type":"WebSite","@id":"https:\/\/www.aeroclub-avranches.org\/wp2\/#website","url":"https:\/\/www.aeroclub-avranches.org\/wp2\/","name":"A\u00e9roclub des gr\u00e8ves du Mont Saint Michel","description":"","publisher":{"@id":"https:\/\/www.aeroclub-avranches.org\/wp2\/#organization"},"potentialAction":[{"@type":"SearchAction","target":{"@type":"EntryPoint","urlTemplate":"https:\/\/www.aeroclub-avranches.org\/wp2\/?s={search_term_string}"},"query-input":{"@type":"PropertyValueSpecification","valueRequired":true,"valueName":"search_term_string"}}],"inLanguage":"fr-FR"},{"@type":"Organization","@id":"https:\/\/www.aeroclub-avranches.org\/wp2\/#organization","name":"A\u00e9roclub des gr\u00e8ves du Mont Saint Michel","url":"https:\/\/www.aeroclub-avranches.org\/wp2\/","logo":{"@type":"ImageObject","inLanguage":"fr-FR","@id":"https:\/\/www.aeroclub-avranches.org\/wp2\/#\/schema\/logo\/image\/","url":"https:\/\/www.aeroclub-avranches.org\/wp2\/wp-content\/uploads\/2018\/03\/Logo-ae\u0301roclub_280x280-1-e1542033573298.jpg","contentUrl":"https:\/\/www.aeroclub-avranches.org\/wp2\/wp-content\/uploads\/2018\/03\/Logo-ae\u0301roclub_280x280-1-e1542033573298.jpg","width":100,"height":99,"caption":"A\u00e9roclub des gr\u00e8ves du Mont Saint Michel"},"image":{"@id":"https:\/\/www.aeroclub-avranches.org\/wp2\/#\/schema\/logo\/image\/"},"sameAs":["https:\/\/www.facebook.com\/people\/Aro-club-des-Grves-du-Mont-Saint-Michel\/100064930290598\/"]}]}},"_links":{"self":[{"href":"https:\/\/www.aeroclub-avranches.org\/wp2\/wp-json\/wp\/v2\/pages\/970","targetHints":{"allow":["GET"]}}],"collection":[{"href":"https:\/\/www.aeroclub-avranches.org\/wp2\/wp-json\/wp\/v2\/pages"}],"about":[{"href":"https:\/\/www.aeroclub-avranches.org\/wp2\/wp-json\/wp\/v2\/types\/page"}],"author":[{"embeddable":true,"href":"https:\/\/www.aeroclub-avranches.org\/wp2\/wp-json\/wp\/v2\/users\/12"}],"replies":[{"embeddable":true,"href":"https:\/\/www.aeroclub-avranches.org\/wp2\/wp-json\/wp\/v2\/comments?post=970"}],"version-history":[{"count":12,"href":"https:\/\/www.aeroclub-avranches.org\/wp2\/wp-json\/wp\/v2\/pages\/970\/revisions"}],"predecessor-version":[{"id":9175,"href":"https:\/\/www.aeroclub-avranches.org\/wp2\/wp-json\/wp\/v2\/pages\/970\/revisions\/9175"}],"wp:attachment":[{"href":"https:\/\/www.aeroclub-avranches.org\/wp2\/wp-json\/wp\/v2\/media?parent=970"}],"curies":[{"name":"wp","href":"https:\/\/api.w.org\/{rel}","templated":true}]}}